t is the highest common factor of 20 and 9070?
10
Calculate the highest common factor of 52 and 13676.
52
Calculate the greatest common factor of 57341 and 34.
17
What is the highest common divisor of 71 and 2059?
71
What is the highest common factor of 96 and 1704?
24
Calculate the highest common divisor of 3910 and 1360.
170
What is the greatest common divisor of 2159 and 17?
17
What is the greatest common divisor of 468 and 288?
36
Calculate the greatest common factor of 44 and 128.
4
Calculate the highest common divisor of 70 and 1505.
35
Calculate the greatest common divisor of 216 and 64.
8
Calculate the highest common divisor of 650 and 1050.
50
What is the highest common divisor of 2 and 1849?
1
What is the greatest common divisor of 4307 and 73?
73
Calculate the greatest common factor of 6 and 6.
6
Calculate the highest common divisor of 944 and 32.
16
What is the highest common factor of 10187 and 1002?
167
Calculate the highest common factor of 312 and 4.
4
Calculate the highest common divisor of 12404 and 28.
28
Calculate the greatest common factor of 2 and 194.
2
What is the highest common factor of 32 and 160?
32
What is the highest common divisor of 270 and 2270?
10
Calculate the greatest common divisor of 25 and 235.
5
What is the highest common factor of 931 and 6909?
49
What is the greatest common divisor of 3350 and 675?
25
Calculate the highest common factor of 86 and 4214.
86
Calculate the highest common factor of 17 and 255.
17
Calculate the greatest common divisor of 14645 and 145.
145
What is the highest common factor of 7 and 798?
7
What is the highest common factor of 6 and 606?
6
What is the highest common factor of 646 and 136?
34
What is the greatest common divisor of 272 and 176?
16
What is the greatest common divisor of 256 and 96?
32
Calculate the greatest common factor of 28 and 518.
14
Calculate the greatest common divisor of 9 and 261.
9
What is the greatest common divisor of 32 and 1856?
32
What is the highest common divisor of 3454 and 1256?
314
What is the greatest common divisor of 7080 and 177?
177
What is the greatest common divisor of 130 and 26?
26
Calculate the highest common factor of 36 and 306.
18
What is the greatest common divisor of 48 and 840?
24
What is the greatest common divisor of 285 and 2109?
57
What is the greatest common factor of 1064 and 224?
56
What is the highest common factor of 551 and 145?
29
Calculate the highest common factor of 675 and 162.
27
What is the highest common factor of 366 and 549?
183
What is the highest common factor of 3781 and 4577?
199
Calculate the highest common divisor of 11 and 781.
11
What is the highest common divisor of 8 and 1024?
8
What is the greatest common factor of 504 and 144?
72
What is the greatest common divisor of 318 and 36?
6
Calculate the greatest common divisor of 1035 and 45.
45
What is the greatest common divisor of 8 and 1016?
8
Calculate the highest common divisor of 10 and 30280.
10
What is the greatest common factor of 15 and 543?
3
What is the highest common divisor of 81 and 639?
9
Calculate the greatest common divisor of 3564 and 11.
11
Calculate the highest common divisor of 7176 and 468.
156
Calculate the greatest common divisor of 21 and 77.
7
Calculate the highest common divisor of 21 and 42.
21
What is the greatest common divisor of 50 and 375?
25
What is the highest common factor of 8442 and 126?
126
What is the greatest common divisor of 350 and 2170?
70
What is the greatest common divisor of 16 and 592?
16
Calculate the highest common factor of 24 and 24296.
8
What is the greatest common divisor of 475 and 380?
95
What is the greatest common divisor of 891 and 44?
11
What is the greatest common factor of 72 and 1992?
24
Calculate the greatest common divisor of 25 and 46650.
25
What is the highest common factor of 4017 and 234?
39
Calculate the highest common divisor of 561 and 153.
51
Calculate the greatest common factor of 1474 and 67.
67
What is the greatest common factor of 6669 and 27?
27
What is the greatest common factor of 1014 and 6?
6
Calculate the highest common divisor of 28 and 19012.
28
What is the greatest common factor of 10 and 46?
2
Calculate the highest common divisor of 700 and 7.
7
What is the greatest common factor of 8833 and 73?
73
Calculate the greatest common divisor of 9 and 45.
9
What is the highest common divisor of 10 and 14840?
10
What is the greatest common factor of 3036 and 736?
92
Calculate the greatest common divisor of 156 and 42.
6
Calculate the highest common divisor of 353 and 6707.
353
What is the greatest common factor of 11449 and 963?
107
What is the greatest common divisor of 12 and 60?
12
What is the greatest common factor of 364 and 39?
13
Calculate the highest common factor of 51 and 5.
1
Calculate the highest common divisor of 108 and 44.
4
Calculate the greatest common factor of 504 and 288.
72
What is the greatest common divisor of 170 and 15?
5
What is the greatest common divisor of 4 and 14?
2
Calculate the greatest common divisor of 13 and 1651.
13
What is the highest common divisor of 408 and 357?
51
Calculate the highest common divisor of 20 and 1264.
4
What is the highest common factor of 2052 and 57?
57
What is the greatest common factor of 29 and 74791?
29
Calculate the highest common factor of 966 and 96.
6
Calculate the highest common divisor of 24 and 640.
8
Calculate the greatest common factor of 205 and 65.
5
What is the greatest common factor of 17964 and 72?
36
Calculate the greatest common divisor of 608 and 2912.
32
Calculate the highest common divisor of 720 and 80.
80
Calculate the highest common divisor of 40 and 56.
8
Calculate the greatest common divisor of 2 and 23.
1
What is the highest common factor of 91 and 175?
7
Calculate the highest common factor of 23125 and 50.
25
Calculate the highest common factor of 875 and 250.
125
Calculate the greatest common factor of 3 and 222.
3
What is the highest common divisor of 96 and 800?
32
What is the highest common factor of 168 and 21?
21
Calculate the greatest common factor of 10 and 66.
2
Calculate the highest common divisor of 238 and 51.
17
What is the highest common factor of 56 and 536?
8
Calculate the greatest common divisor of 1611 and 36.
9
Calculate the highest common divisor of 105 and 777.
21
Calculate the greatest common factor of 437 and 71231.
437
What is the greatest common factor of 6 and 2496?
6
What is the highest common factor of 252 and 48?
12
What is the greatest common divisor of 188 and 141?
47
Calculate the greatest common divisor of 33060 and 90.
30
Calculate the greatest common divisor of 135 and 3915.
135
What is the greatest common divisor of 398 and 11343?
199
What is the highest common factor of 168 and 2800?
56
Calculate the greatest common factor of 567 and 162.
81
What is the greatest common divisor of 164 and 2665?
41
Calculate the highest common factor of 78 and 24.
6
Calculate the highest common divisor of 232 and 15370.
58
What is the greatest common factor of 50 and 150?
50
Calculate the highest common factor of 92 and 437.
23
Calculate the greatest common divisor of 5192 and 531.
59
What is the highest common factor of 2496 and 442?
26
Calculate the greatest common divisor of 7 and 14.
7
What is the greatest common factor of 608 and 32?
32
What is the greatest common factor of 28 and 8?
4
What is the highest common factor of 28 and 8?
4
Calculate the greatest common factor of 105 and 2961.
21
Calculate the greatest common factor of 5 and 60.
5
What is the greatest common factor of 3003 and 99?
33
Calculate the greatest common factor of 40 and 284.
4
Calculate the highest common factor of 18 and 234.
18
Calculate the greatest common divisor of 8 and 1.
1
Calculate the greatest common divisor of 1456 and 52.
52
What is the highest common factor of 1989 and 117?
117
Calculate the highest common factor of 84 and 210.
42
Calculate the greatest common divisor of 11088 and 55.
11
What is the highest common divisor of 6 and 342?
6
What is the greatest common factor of 38 and 1102?
38
What is the greatest common factor of 11168 and 8?
8
Calculate the highest common divisor of 244 and 3904.
244
What is the highest common factor of 240 and 15?
15
Calculate the highest comm